{"id":9,"date":"2023-09-05T21:33:28","date_gmt":"2023-09-05T19:33:28","guid":{"rendered":"https:\/\/rympacking.com\/?page_id=9"},"modified":"2023-09-22T22:27:30","modified_gmt":"2023-09-22T20:27:30","slug":"acerca-de","status":"publish","type":"page","link":"https:\/\/rympacking.com\/index.php\/acerca-de\/","title":{"rendered":"NOSOTROS&#8230;"},"content":{"rendered":"\n<h4 class=\"wp-block-heading has-large-font-size\" id=\"inspiro-is-a-digital-product-agency-that-focuses-on-strategy-and-design\" style=\"font-style:normal;font-weight:100\"><strong> <mark style=\"background-color:rgba(0, 0, 0, 0);color:#3c64ac\" class=\"has-inline-color\">\u00a1No busque m\u00e1s! En <strong>RYM Packing<\/strong> Manejamos una amplia gama de productos de embalaje de alta calidad: cajas, cintas adhesivas, espuma, burbujas y mucho m\u00e1s \u2026\u00a0<\/mark><\/strong><\/h4>\n\n\n\n<div class=\"wp-block-columns is-layout-flex wp-container-core-columns-is-layout-1 wp-block-columns-is-layout-flex\">\n<div class=\"wp-block-column is-layout-flow wp-block-column-is-layout-flow\" style=\"flex-basis:100%\">\n<figure class=\"wp-block-image size-large\"><img data-recalc-dims=\"1\" loading=\"lazy\" decoding=\"async\" width=\"950\" height=\"950\" src=\"https:\/\/i0.wp.com\/rympacking.com\/wp-content\/uploads\/2023\/09\/3-Bolsas-RYM-Packing-1.png?resize=950%2C950&#038;ssl=1\" alt=\"\" class=\"wp-image-104\" srcset=\"https:\/\/i0.wp.com\/rympacking.com\/wp-content\/uploads\/2023\/09\/3-Bolsas-RYM-Packing-1.png?resize=1024%2C1024&amp;ssl=1 1024w, https:\/\/i0.wp.com\/rympacking.com\/wp-content\/uploads\/2023\/09\/3-Bolsas-RYM-Packing-1.png?resize=300%2C300&amp;ssl=1 300w, https:\/\/i0.wp.com\/rympacking.com\/wp-content\/uploads\/2023\/09\/3-Bolsas-RYM-Packing-1.png?resize=150%2C150&amp;ssl=1 150w, https:\/\/i0.wp.com\/rympacking.com\/wp-content\/uploads\/2023\/09\/3-Bolsas-RYM-Packing-1.png?resize=768%2C768&amp;ssl=1 768w, https:\/\/i0.wp.com\/rympacking.com\/wp-content\/uploads\/2023\/09\/3-Bolsas-RYM-Packing-1.png?w=1080&amp;ssl=1 1080w\" sizes=\"(max-width: 950px) 100vw, 950px\" \/><\/figure>\n<\/div>\n<\/div>\n\n\n\n<div class=\"wp-block-media-text is-stacked-on-mobile is-vertically-aligned-top\"><figure class=\"wp-block-media-text__media\"><img data-recalc-dims=\"1\" loading=\"lazy\" decoding=\"async\" width=\"785\" height=\"581\" src=\"https:\/\/i0.wp.com\/rympacking.com\/wp-content\/uploads\/2023\/09\/10.RYM-Empaques.png?resize=785%2C581&#038;ssl=1\" alt=\"\" class=\"wp-image-43 size-full\" srcset=\"https:\/\/i0.wp.com\/rympacking.com\/wp-content\/uploads\/2023\/09\/10.RYM-Empaques.png?w=785&amp;ssl=1 785w, https:\/\/i0.wp.com\/rympacking.com\/wp-content\/uploads\/2023\/09\/10.RYM-Empaques.png?resize=300%2C222&amp;ssl=1 300w, https:\/\/i0.wp.com\/rympacking.com\/wp-content\/uploads\/2023\/09\/10.RYM-Empaques.png?resize=768%2C568&amp;ssl=1 768w\" sizes=\"(max-width: 785px) 100vw, 785px\" \/><\/figure><div class=\"wp-block-media-text__content\">\n<h4 class=\"wp-block-heading has-large-font-size\" id=\"inspiro-is-a-digital-product-agency-that-focuses-on-strategy-and-design\" style=\"font-style:normal;font-weight:100\"><strong> <mark style=\"background-color:rgba(0, 0, 0, 0);color:#7bbb94\" class=\"has-inline-color\">Nuestra Misi\u00f3n<\/mark> <\/strong><\/h4>\n\n\n\n<p class=\"has-text-align-right\">Ser una empresa l\u00edder en el sector de embalaje, empaques para alimentos, productos para aseo y biodegradables, consolid\u00e1ndonos como el principal aliado estrat\u00e9gico para nuestros clientes y proveedores.<\/p>\n<\/div><\/div>\n\n\n\n<hr class=\"wp-block-separator has-alpha-channel-opacity\"\/>\n\n\n\n<h1 class=\"wp-block-heading has-text-align-center\"><mark style=\"background-color:rgba(0, 0, 0, 0);color:#3c64ac\" class=\"has-inline-color\">Nuestras <strong>L\u00edneas de Negocio<\/strong> <\/mark><\/h1>\n\n\n\n<div class=\"wp-block-columns is-layout-flex wp-container-core-columns-is-layout-2 wp-block-columns-is-layout-flex\">\n<div class=\"wp-block-column is-layout-flow wp-block-column-is-layout-flow\">\n<figure class=\"wp-block-image size-large\"><img data-recalc-dims=\"1\" loading=\"lazy\" decoding=\"async\" width=\"950\" height=\"534\" src=\"https:\/\/i0.wp.com\/rympacking.com\/wp-content\/uploads\/2023\/09\/Presentacion-propuesta-de-proyecto-moderno-profesional-blanco-y-negro.png?resize=950%2C534&#038;ssl=1\" alt=\"\" class=\"wp-image-129\" srcset=\"https:\/\/i0.wp.com\/rympacking.com\/wp-content\/uploads\/2023\/09\/Presentacion-propuesta-de-proyecto-moderno-profesional-blanco-y-negro.png?resize=1024%2C576&amp;ssl=1 1024w, https:\/\/i0.wp.com\/rympacking.com\/wp-content\/uploads\/2023\/09\/Presentacion-propuesta-de-proyecto-moderno-profesional-blanco-y-negro.png?resize=300%2C169&amp;ssl=1 300w, https:\/\/i0.wp.com\/rympacking.com\/wp-content\/uploads\/2023\/09\/Presentacion-propuesta-de-proyecto-moderno-profesional-blanco-y-negro.png?resize=768%2C432&amp;ssl=1 768w, https:\/\/i0.wp.com\/rympacking.com\/wp-content\/uploads\/2023\/09\/Presentacion-propuesta-de-proyecto-moderno-profesional-blanco-y-negro.png?resize=1536%2C864&amp;ssl=1 1536w, https:\/\/i0.wp.com\/rympacking.com\/wp-content\/uploads\/2023\/09\/Presentacion-propuesta-de-proyecto-moderno-profesional-blanco-y-negro.png?w=1920&amp;ssl=1 1920w\" sizes=\"(max-width: 950px) 100vw, 950px\" \/><\/figure>\n\n\n\n<p class=\"has-text-align-center has-text-color\" style=\"color:#7a7a7a\">L\u00ednea dedicada al sector Industrial, fabricamos y distribuimos todo tipo de insumos para embalaje de alimentos y productos de todo tipo.<\/p>\n<\/div>\n\n\n\n<div class=\"wp-block-column is-layout-flow wp-block-column-is-layout-flow\">\n<figure class=\"wp-block-image size-large\"><img data-recalc-dims=\"1\" loading=\"lazy\" decoding=\"async\" width=\"950\" height=\"534\" src=\"https:\/\/i0.wp.com\/rympacking.com\/wp-content\/uploads\/2023\/09\/12-RYM-PACKING-CAFETERIA.png?resize=950%2C534&#038;ssl=1\" alt=\"\" class=\"wp-image-122\" srcset=\"https:\/\/i0.wp.com\/rympacking.com\/wp-content\/uploads\/2023\/09\/12-RYM-PACKING-CAFETERIA.png?resize=1024%2C576&amp;ssl=1 1024w, https:\/\/i0.wp.com\/rympacking.com\/wp-content\/uploads\/2023\/09\/12-RYM-PACKING-CAFETERIA.png?resize=300%2C169&amp;ssl=1 300w, https:\/\/i0.wp.com\/rympacking.com\/wp-content\/uploads\/2023\/09\/12-RYM-PACKING-CAFETERIA.png?resize=768%2C432&amp;ssl=1 768w, https:\/\/i0.wp.com\/rympacking.com\/wp-content\/uploads\/2023\/09\/12-RYM-PACKING-CAFETERIA.png?resize=1536%2C864&amp;ssl=1 1536w, https:\/\/i0.wp.com\/rympacking.com\/wp-content\/uploads\/2023\/09\/12-RYM-PACKING-CAFETERIA.png?w=1920&amp;ssl=1 1920w\" sizes=\"(max-width: 950px) 100vw, 950px\" \/><\/figure>\n\n\n\n<p class=\"has-text-color\" style=\"color:#7a7a7a\">L\u00ednea exclusiva para suministros de cafeter\u00eda, env\u00edos nacionales, precios justos y excelente calidad.\u00a0<\/p>\n<\/div>\n<\/div>\n\n\n\n<div class=\"wp-block-columns is-layout-flex wp-container-core-columns-is-layout-3 wp-block-columns-is-layout-flex\">\n<div class=\"wp-block-column is-layout-flow wp-block-column-is-layout-flow\">\n<figure class=\"wp-block-image size-large\"><img data-recalc-dims=\"1\" loading=\"lazy\" decoding=\"async\" width=\"950\" height=\"534\" src=\"https:\/\/i0.wp.com\/rympacking.com\/wp-content\/uploads\/2023\/09\/11-RYM-PACKING-PRODUCTOS-DE-ASEO.png?resize=950%2C534&#038;ssl=1\" alt=\"\" class=\"wp-image-123\" srcset=\"https:\/\/i0.wp.com\/rympacking.com\/wp-content\/uploads\/2023\/09\/11-RYM-PACKING-PRODUCTOS-DE-ASEO.png?resize=1024%2C576&amp;ssl=1 1024w, https:\/\/i0.wp.com\/rympacking.com\/wp-content\/uploads\/2023\/09\/11-RYM-PACKING-PRODUCTOS-DE-ASEO.png?resize=300%2C169&amp;ssl=1 300w, https:\/\/i0.wp.com\/rympacking.com\/wp-content\/uploads\/2023\/09\/11-RYM-PACKING-PRODUCTOS-DE-ASEO.png?resize=768%2C432&amp;ssl=1 768w, https:\/\/i0.wp.com\/rympacking.com\/wp-content\/uploads\/2023\/09\/11-RYM-PACKING-PRODUCTOS-DE-ASEO.png?resize=1536%2C864&amp;ssl=1 1536w, https:\/\/i0.wp.com\/rympacking.com\/wp-content\/uploads\/2023\/09\/11-RYM-PACKING-PRODUCTOS-DE-ASEO.png?w=1920&amp;ssl=1 1920w\" sizes=\"(max-width: 950px) 100vw, 950px\" \/><\/figure>\n\n\n\n<p class=\"has-text-color\" style=\"color:#7a7a7a\">Ofrecemos una gama de productos que contribuyen a la limpieza de entornos, ba\u00f1os, pisos, paredes, alfombras, muebles, exteriores, cuidado de prendas y mucho m\u00e1s.<\/p>\n<\/div>\n\n\n\n<div class=\"wp-block-column is-layout-flow wp-block-column-is-layout-flow\">\n<figure class=\"wp-block-image\"><img data-recalc-dims=\"1\" loading=\"lazy\" decoding=\"async\" width=\"950\" height=\"534\" src=\"https:\/\/i0.wp.com\/rympacking.com\/wp-content\/uploads\/2023\/09\/13-RYM-PACKING-PAPELERIA.png?resize=950%2C534&#038;ssl=1\" alt=\"\" class=\"wp-image-124\" srcset=\"https:\/\/i0.wp.com\/rympacking.com\/wp-content\/uploads\/2023\/09\/13-RYM-PACKING-PAPELERIA.png?resize=1024%2C576&amp;ssl=1 1024w, https:\/\/i0.wp.com\/rympacking.com\/wp-content\/uploads\/2023\/09\/13-RYM-PACKING-PAPELERIA.png?resize=300%2C169&amp;ssl=1 300w, https:\/\/i0.wp.com\/rympacking.com\/wp-content\/uploads\/2023\/09\/13-RYM-PACKING-PAPELERIA.png?resize=768%2C432&amp;ssl=1 768w, https:\/\/i0.wp.com\/rympacking.com\/wp-content\/uploads\/2023\/09\/13-RYM-PACKING-PAPELERIA.png?resize=1536%2C864&amp;ssl=1 1536w, https:\/\/i0.wp.com\/rympacking.com\/wp-content\/uploads\/2023\/09\/13-RYM-PACKING-PAPELERIA.png?w=1920&amp;ssl=1 1920w\" sizes=\"(max-width: 950px) 100vw, 950px\" \/><\/figure>\n\n\n\n<p class=\"has-text-color\" style=\"color:#7a7a7a\">L\u00ednea exclusiva para suministros de miscel\u00e1nea, env\u00edos nacionales, precios justos y excelente calidad.<\/p>\n<\/div>\n<\/div>\n\n\n\n<h1 class=\"wp-block-heading has-text-align-center\"><strong><mark style=\"background-color:rgba(0, 0, 0, 0);color:#3c64ac\" class=\"has-inline-color\">Por qu\u00e9 elegirnos\u2026 <\/mark><\/strong><\/h1>\n\n\n\n<div class=\"wp-block-group has-global-padding is-layout-constrained wp-block-group-is-layout-constrained\">\n<div class=\"wp-block-columns is-layout-flex wp-container-core-columns-is-layout-4 wp-block-columns-is-layout-flex\">\n<div class=\"wp-block-column is-layout-flow wp-block-column-is-layout-flow\">\n<p>Nos preocupamos por el medio ambiente, promovemos productos reutilizables y biodegradables.<\/p>\n<\/div>\n\n\n\n<div class=\"wp-block-column is-layout-flow wp-block-column-is-layout-flow\">\n<p>Realizamos env\u00edos seguros, entregamos a tiempo.<\/p>\n<\/div>\n\n\n\n<div class=\"wp-block-column is-layout-flow wp-block-column-is-layout-flow\">\n<p>Usamos excelentes t\u00e9cnicas y excelentes materiales, la satisfacci\u00f3n de nuestros clientes es primordial.<\/p>\n<\/div>\n<\/div>\n<\/div>\n\n\n\n<figure class=\"wp-block-image size-large\"><img data-recalc-dims=\"1\" loading=\"lazy\" decoding=\"async\" width=\"950\" height=\"534\" src=\"https:\/\/i0.wp.com\/rympacking.com\/wp-content\/uploads\/2023\/09\/5-RyM-Packing-Principios-Corporativos.png?resize=950%2C534&#038;ssl=1\" alt=\"\" class=\"wp-image-140\" srcset=\"https:\/\/i0.wp.com\/rympacking.com\/wp-content\/uploads\/2023\/09\/5-RyM-Packing-Principios-Corporativos.png?resize=1024%2C576&amp;ssl=1 1024w, https:\/\/i0.wp.com\/rympacking.com\/wp-content\/uploads\/2023\/09\/5-RyM-Packing-Principios-Corporativos.png?resize=300%2C169&amp;ssl=1 300w, https:\/\/i0.wp.com\/rympacking.com\/wp-content\/uploads\/2023\/09\/5-RyM-Packing-Principios-Corporativos.png?resize=768%2C432&amp;ssl=1 768w, https:\/\/i0.wp.com\/rympacking.com\/wp-content\/uploads\/2023\/09\/5-RyM-Packing-Principios-Corporativos.png?resize=1536%2C864&amp;ssl=1 1536w, https:\/\/i0.wp.com\/rympacking.com\/wp-content\/uploads\/2023\/09\/5-RyM-Packing-Principios-Corporativos.png?w=1920&amp;ssl=1 1920w\" sizes=\"(max-width: 950px) 100vw, 950px\" \/><\/figure>\n","protected":false},"excerpt":{"rendered":"<p>\u00a1No busque m\u00e1s! En RYM Packing Manejamos una amplia gama de productos de embalaje de alta calidad: cajas, cintas adhesivas, espuma, burbujas y mucho m\u00e1s \u2026\u00a0 Nuestra Misi\u00f3n Ser una empresa l\u00edder en el sector de embalaje, empaques para alimentos, productos para aseo y biodegradables, consolid\u00e1ndonos como el principal aliado estrat\u00e9gico para nuestros clientes y &hellip; <\/p>\n<p class=\"link-more\"><a href=\"https:\/\/rympacking.com\/index.php\/acerca-de\/\" class=\"more-link\">Read more<span class=\"screen-reader-text\"> &#8220;NOSOTROS&#8230;&#8221;<\/span><\/a><\/p>\n","protected":false},"author":1,"featured_media":7,"parent":0,"menu_order":0,"comment_status":"closed","ping_status":"closed","template":"","meta":{"footnotes":""},"class_list":["post-9","page","type-page","status-publish","has-post-thumbnail","hentry"],"jetpack_sharing_enabled":true,"_links":{"self":[{"href":"https:\/\/rympacking.com\/index.php\/wp-json\/wp\/v2\/pages\/9"}],"collection":[{"href":"https:\/\/rympacking.com\/index.php\/wp-json\/wp\/v2\/pages"}],"about":[{"href":"https:\/\/rympacking.com\/index.php\/wp-json\/wp\/v2\/types\/page"}],"author":[{"embeddable":true,"href":"https:\/\/rympacking.com\/index.php\/wp-json\/wp\/v2\/users\/1"}],"replies":[{"embeddable":true,"href":"https:\/\/rympacking.com\/index.php\/wp-json\/wp\/v2\/comments?post=9"}],"version-history":[{"count":17,"href":"https:\/\/rympacking.com\/index.php\/wp-json\/wp\/v2\/pages\/9\/revisions"}],"predecessor-version":[{"id":204,"href":"https:\/\/rympacking.com\/index.php\/wp-json\/wp\/v2\/pages\/9\/revisions\/204"}],"wp:featuredmedia":[{"embeddable":true,"href":"https:\/\/rympacking.com\/index.php\/wp-json\/wp\/v2\/media\/7"}],"wp:attachment":[{"href":"https:\/\/rympacking.com\/index.php\/wp-json\/wp\/v2\/media?parent=9"}],"curies":[{"name":"wp","href":"https:\/\/api.w.org\/{rel}","templated":true}]}}